hat is the highest common factor of 9 and 134613?
9
Calculate the greatest common factor of 60 and 10430820.
60
Calculate the greatest common factor of 3177850 and 650.
650
What is the greatest common divisor of 105903 and 119351?
1681
What is the greatest common factor of 67 and 284549?
67
Calculate the greatest common factor of 11724 and 4776.
12
What is the greatest common divisor of 3241 and 90285?
463
What is the highest common factor of 3 and 242007?
3
What is the greatest common factor of 8379 and 693?
63
What is the highest common factor of 224 and 131908?
28
What is the highest common factor of 219648 and 429?
429
What is the highest common factor of 26364 and 6708?
156
What is the highest common factor of 275240 and 98?
14
Calculate the greatest common factor of 2506 and 1134.
14
Calculate the greatest common divisor of 17725 and 400.
25
Calculate the highest common divisor of 1339 and 116428.
13
What is the greatest common factor of 595 and 1105?
85
What is the highest common factor of 4048 and 1610?
46
Calculate the highest common divisor of 9 and 58623.
3
What is the highest common factor of 177 and 359369?
59
What is the highest common factor of 25681 and 122?
61
What is the highest common divisor of 75 and 1848?
3
Calculate the highest common factor of 276 and 179772.
12
What is the greatest common factor of 57 and 616151?
19
What is the highest common factor of 261 and 855297?
261
What is the greatest common divisor of 17232 and 192?
48
What is the highest common divisor of 322 and 425293?
23
Calculate the highest common divisor of 2854212 and 24.
12
Calculate the greatest common factor of 135 and 10785.
15
Calculate the greatest common divisor of 98320 and 120.
40
Calculate the greatest common factor of 550 and 2679875.
275
Calculate the greatest common divisor of 12 and 4330356.
12
What is the greatest common factor of 329962 and 290?
58
What is the greatest common factor of 588 and 79527?
147
Calculate the greatest common factor of 341 and 10757.
31
Calculate the highest common divisor of 5280 and 5222976.
1056
Calculate the highest common factor of 377 and 117.
13
What is the greatest common factor of 145 and 44995?
5
Calculate the greatest common divisor of 840 and 90840.
120
What is the greatest common factor of 1 and 722473?
1
Calculate the highest common divisor of 2014793 and 1661.
1661
Calculate the greatest common factor of 980 and 265335.
245
Calculate the greatest common divisor of 960 and 4832.
32
Calculate the highest common divisor of 47793 and 13067.
179
Calculate the greatest common factor of 128484 and 26.
2
What is the greatest common factor of 18900 and 17150?
350
What is the highest common divisor of 65 and 243235?
5
What is the highest common divisor of 173750 and 278?
278
What is the highest common divisor of 245 and 39215?
5
What is the greatest common factor of 909 and 9702?
9
Calculate the greatest common divisor of 23 and 1909.
23
What is the highest common divisor of 21 and 2135?
7
Calculate the highest common divisor of 32590 and 10.
10
What is the highest common divisor of 341400 and 24600?
600
Calculate the greatest common factor of 4873 and 248966.
443
What is the greatest common divisor of 901 and 385946?
53
What is the highest common factor of 15 and 320745?
15
Calculate the greatest common factor of 88 and 13123.
11
Calculate the highest common factor of 162773 and 437.
19
What is the highest common factor of 3124 and 42316?
284
What is the greatest common divisor of 312 and 1794?
78
What is the highest common factor of 1590 and 12667?
53
What is the highest common factor of 1005 and 697269?
201
Calculate the greatest common factor of 6185482 and 92.
46
What is the greatest common factor of 303138 and 594?
198
What is the greatest common factor of 1598057 and 41?
41
Calculate the highest common factor of 3335745 and 42.
21
Calculate the highest common factor of 908 and 2213704.
908
What is the highest common factor of 6818 and 812?
14
What is the highest common factor of 13515 and 3315?
255
Calculate the highest common divisor of 409917 and 2247.
321
What is the highest common factor of 639145 and 65?
65
Calculate the highest common factor of 960777 and 18.
9
What is the highest common divisor of 3689 and 15283?
527
Calculate the highest common divisor of 8 and 40904.
8
What is the highest common factor of 1104275 and 100?
25
Calculate the greatest common factor of 556 and 3824.
4
What is the greatest common factor of 96924 and 656?
164
Calculate the highest common divisor of 343802 and 1732.
866
Calculate the greatest common divisor of 164025 and 10.
5
Calculate the greatest common factor of 156 and 1292395.
13
What is the highest common divisor of 1875 and 8175?
75
Calculate the highest common divisor of 380 and 81660.
20
Calculate the highest common factor of 522 and 1422.
18
What is the highest common factor of 221 and 51697?
17
Calculate the greatest common factor of 128029 and 2034.
113
What is the greatest common factor of 116 and 5706388?
116
What is the highest common factor of 6 and 520710?
6
What is the greatest common divisor of 23081 and 2?
1
Calculate the greatest common divisor of 133 and 267995.
133
What is the highest common divisor of 58889 and 2?
1
Calculate the greatest common divisor of 101890 and 4646.
46
Calculate the highest common divisor of 330444 and 108.
36
What is the greatest common divisor of 2667317 and 17?
17
Calculate the greatest common factor of 3264 and 534720.
192
What is the highest common divisor of 232 and 2894432?
232
Calculate the highest common divisor of 3654 and 39179.
203
Calculate the highest common divisor of 63030 and 1320.
330
Calculate the highest common factor of 5180 and 212935.
185
Calculate the highest common factor of 6343340 and 95.
95
Calculate the highest common divisor of 24544656 and 304.
304
Calculate the highest common factor of 2698 and 28310.
38
Calculate the greatest common factor of 8670 and 348.
6
What is the greatest common divisor of 68347 and 82?
41
What is the greatest common factor of 53175 and 225?
75
Calculate the greatest common divisor of 264 and 8152.
8
Calculate the highest common factor of 948 and 114234.
474
Calculate the highest common divisor of 330 and 31911.
33
Calculate the greatest common factor of 4948 and 128.
4
Calculate the greatest common divisor of 3633896 and 56.
56
What is the highest common factor of 1265 and 2640?
55
What is the greatest common factor of 38349 and 27?
9
What is the greatest common divisor of 204910 and 1550?
310
Calculate the greatest common factor of 2736 and 82764.
684
What is the greatest common factor of 24 and 2588?
4
Calculate the greatest common divisor of 784 and 64442.
14
What is the highest common divisor of 175196 and 28?
28
What is the highest common divisor of 9911 and 88033?
583
What is the greatest common factor of 3520 and 3025?
55
Calculate the greatest common divisor of 2048 and 4672.
64
What is the highest common divisor of 58652 and 62744?
1364
What is the greatest common divisor of 1892 and 12735052?
1892
Calculate the greatest common factor of 3720 and 1023.
93
What is the highest common divisor of 51854 and 110?
22
Calculate the highest common factor of 7706801 and 61.
61
Calculate the greatest common factor of 6467410 and 190.
190
What is the greatest common factor of 10176 and 13144?
424
What is the greatest common factor of 275 and 198?
11
What is the greatest common factor of 28739 and 203?
29
What is the greatest common divisor of 877266 and 13?
13
What is the highest common divisor of 216 and 1422504?
72
What is the greatest common divisor of 47005 and 5950?
595
Calculate the greatest common divisor of 410 and 57490.
10
What is the highest common divisor of 225570 and 17739?
219
What is the greatest common factor of 994 and 10400222?
994
What is the highest common divisor of 78 and 61880?
26
Calculate the highest common divisor of 942098 and 82.
82
Calculate the greatest common divisor of 204 and 3750.
6
What is the highest common divisor of 90 and 727110?
90
Calculate the highest common divisor of 1804 and 305778.
902
What is the highest common factor of 102 and 22780?
34
Calculate the highest common factor of 208 and 148752.
16
What is the grea